{"id":284,"date":"2017-08-21T07:39:45","date_gmt":"2017-08-21T07:39:45","guid":{"rendered":"https:\/\/archiking.de\/?page_id=284"},"modified":"2017-08-21T07:41:09","modified_gmt":"2017-08-21T07:41:09","slug":"fuvee","status":"publish","type":"page","link":"https:\/\/archiking.de\/shop\/fuvee\/","title":{"rendered":"FUVee"},"content":{"rendered":"<div class=\"lp_teaser-content\">\n<p>Etwa im Jahr 2004 hatte ich eine Idee f\u00fcr die Gr\u00fcndung einer neuen Universit\u00e4t: <\/p>\n<p align=\"LEFT\"><b>Freie Universit\u00e4t Vogtland \u2013 euregio egrensis<\/b><\/p>\n<p align=\"LEFT\">Die Welt ist eine Scheibe<\/p>\n<p align=\"LEFT\">Verst\u00e4ndigung, Toleranz, Frieden<\/p>\n<p align=\"LEFT\"><img fetchpriority=\"high\" decoding=\"async\" class=\"alignnone wp-image-22 size-full\" src=\"http:\/\/fuvee.de\/wp-content\/uploads\/2016\/05\/07-Carlos-Santana-Frieden-durch-Bildung-e1477646808859.jpg\" alt=\"07-Carlos Santana - Frieden durch Bildung\" width=\"600\" height=\"460\" \/><\/p>\n<p align=\"LEFT\">Auf dem Streckennetz der Vogtlandbahn entstehen dezentral die Standorte der Universit\u00e4t. Die Studenten begeben sich auf eine permanente Bildungsreise durch das Wissen aus Vergangenheit, Gegenwart und Zukunft in einer tollen Landschaft\u2026<\/p>\n<\/div>\n <div class=\"page_counter_label\"><span class=\"page_counter_text\" style=\"color:#000000;background:#FFFFFF;\">Total Page Visits: 3652 - Today Page Visits: 2<\/span><\/div>","protected":false},"excerpt":{"rendered":"<p>Etwa im Jahr 2004 hatte ich eine Idee f\u00fcr die Gr\u00fcndung einer neuen Universit\u00e4t: Freie Universit\u00e4t Vogtland \u2013 euregio egrensis Die Welt ist eine Scheibe Verst\u00e4ndigung, Toleranz, Frieden Auf dem Streckennetz der Vogtlandbahn entstehen dezentral die Standorte der Universit\u00e4t. Die Studenten begeben sich auf eine permanente Bildungsreise durch das Wissen aus Vergangenheit, Gegenwart und Zukunft [&hellip;]<\/p>\n","protected":false},"author":1,"featured_media":0,"parent":0,"menu_order":0,"comment_status":"closed","ping_status":"closed","template":"","meta":{"footnotes":""},"class_list":["post-284","page","type-page","status-publish","hentry"],"_links":{"self":[{"href":"https:\/\/archiking.de\/shop\/wp-json\/wp\/v2\/pages\/284","targetHints":{"allow":["GET"]}}],"collection":[{"href":"https:\/\/archiking.de\/shop\/wp-json\/wp\/v2\/pages"}],"about":[{"href":"https:\/\/archiking.de\/shop\/wp-json\/wp\/v2\/types\/page"}],"author":[{"embeddable":true,"href":"https:\/\/archiking.de\/shop\/wp-json\/wp\/v2\/users\/1"}],"replies":[{"embeddable":true,"href":"https:\/\/archiking.de\/shop\/wp-json\/wp\/v2\/comments?post=284"}],"version-history":[{"count":2,"href":"https:\/\/archiking.de\/shop\/wp-json\/wp\/v2\/pages\/284\/revisions"}],"predecessor-version":[{"id":286,"href":"https:\/\/archiking.de\/shop\/wp-json\/wp\/v2\/pages\/284\/revisions\/286"}],"wp:attachment":[{"href":"https:\/\/archiking.de\/shop\/wp-json\/wp\/v2\/media?parent=284"}],"curies":[{"name":"wp","href":"https:\/\/api.w.org\/{rel}","templated":true}]}}